e factors of 18598.
2, 17, 547
What are the prime factors of 1613?
1613
List the prime factors of 482.
2, 241
List the prime factors of 1606.
2, 11, 73
What are the prime factors of 3950?
2, 5, 79
What are the prime factors of 1387?
19, 73
What are the prime factors of 7528?
2, 941
List the prime factors of 1329.
3, 443
What are the prime factors of 15115?
5, 3023
List the prime factors of 20247.
3, 17, 397
List the prime factors of 131.
131
What are the prime factors of 8639?
53, 163
List the prime factors of 15247.
79, 193
What are the prime factors of 4769?
19, 251
What are the prime factors of 5744?
2, 359
What are the prime factors of 23145?
3, 5, 1543
What are the prime factors of 566?
2, 283
What are the prime factors of 76562?
2, 38281
List the prime factors of 7969.
13, 613
What are the prime factors of 5352?
2, 3, 223
List the prime factors of 840.
2, 3, 5, 7
What are the prime factors of 3328?
2, 13
List the prime factors of 33117.
3, 7, 19, 83
What are the prime factors of 33169?
41, 809
List the prime factors of 1676.
2, 419
What are the prime factors of 12521?
19, 659
What are the prime factors of 1271?
31, 41
List the prime factors of 3289.
11, 13, 23
What are the prime factors of 2013?
3, 11, 61
List the prime factors of 36714.
2, 3, 29, 211
List the prime factors of 3057.
3, 1019
What are the prime factors of 898?
2, 449
List the prime factors of 903.
3, 7, 43
What are the prime factors of 3601?
13, 277
List the prime factors of 14866.
2, 7433
What are the prime factors of 3514?
2, 7, 251
What are the prime factors of 1361?
1361
What are the prime factors of 393?
3, 131
List the prime factors of 48318.
2, 3, 8053
What are the prime factors of 5833?
19, 307
What are the prime factors of 29630?
2, 5, 2963
What are the prime factors of 16044?
2, 3, 7, 191
List the prime factors of 5089.
7, 727
List the prime factors of 25520.
2, 5, 11, 29
What are the prime factors of 31652?
2, 41, 193
List the prime factors of 78908.
2, 19727
What are the prime factors of 2009?
7, 41
What are the prime factors of 16040?
2, 5, 401
List the prime factors of 19773.
3, 13
What are the prime factors of 10276?
2, 7, 367
List the prime factors of 17148.
2, 3, 1429
What are the prime factors of 1868?
2, 467
List the prime factors of 5798.
2, 13, 223
List the prime factors of 37053.
3, 23, 179
List the prime factors of 1452.
2, 3, 11
What are the prime factors of 2071?
19, 109
What are the prime factors of 2402?
2, 1201
What are the prime factors of 124?
2, 31
List the prime factors of 905.
5, 181
List the prime factors of 49092.
2, 3, 4091
What are the prime factors of 4514?
2, 37, 61
List the prime factors of 1568.
2, 7
What are the prime factors of 2157?
3, 719
List the prime factors of 14475.
3, 5, 193
What are the prime factors of 13146?
2, 3, 7, 313
List the prime factors of 1279.
1279
List the prime factors of 139295.
5, 13, 2143
List the prime factors of 8573.
8573
What are the prime factors of 6638?
2, 3319
List the prime factors of 4050.
2, 3, 5
List the prime factors of 3571.
3571
What are the prime factors of 2893?
11, 263
What are the prime factors of 2003?
2003
List the prime factors of 274.
2, 137
What are the prime factors of 815?
5, 163
What are the prime factors of 788?
2, 197
List the prime factors of 4432.
2, 277
List the prime factors of 2520.
2, 3, 5, 7
What are the prime factors of 518?
2, 7, 37
What are the prime factors of 3231?
3, 359
What are the prime factors of 9733?
9733
What are the prime factors of 592?
2, 37
List the prime factors of 631.
631
What are the prime factors of 2084?
2, 521
List the prime factors of 22686.
2, 3, 19, 199
List the prime factors of 39008.
2, 23, 53
What are the prime factors of 109707?
3, 13, 29, 97
List the prime factors of 563.
563
List the prime factors of 39913.
167, 239
What are the prime factors of 6680?
2, 5, 167
What are the prime factors of 4511?
13, 347
List the prime factors of 6312.
2, 3, 263
What are the prime factors of 4163?
23, 181
List the prime factors of 156.
2, 3, 13
List the prime factors of 155.
5, 31
List the prime factors of 1173.
3, 17, 23
List the prime factors of 56940.
2, 3, 5, 13, 73
List the prime factors of 142663.
179, 797
What are the prime factors of 33379?
29, 1151
List the prime factors of 2925.
3, 5, 13
List the prime factors of 6695.
5, 13, 103
List the prime factors of 71262.
2, 3, 37, 107
What are the prime factors of 1465?
5, 293
What are the prime factors of 21602?
2, 7, 1543
What are the prime factors of 1460?
2, 5, 73
What are the prime factors of 8948?
2, 2237
What are the prime factors of 1660?
2, 5, 83
List the prime factors of 12273.
3, 4091
What are the prime factors of 2280?
2, 3, 5, 19
What are the prime factors of 2217?
3, 739
What are the prime factors of 57898?
2, 28949
What are the prime factors of 925?
5, 37
What are the prime factors of 18006?
2, 3, 3001
List the prime factors of 10136.
2, 7, 181
List the prime factors of 28654.
2, 14327
What are the prime factors of 2193?
3, 17, 43
What are the prime factors of 2759?
31, 89
What are the prime factors of 174?
2, 3, 29
What are the prime factors of 2144?
2, 67
What are the prime factors of 1620?
2, 3, 5
List the prime factors of 455.
5, 7, 13
List the prime factors of 26087.
19, 1373
What are the prime factors of 4709?
17, 277
List the prime factors of 622.
2, 311
List the prime factors of 411.
3, 137
What are the prime factors of 169?
13
List the prime factors of 15187.
15187
List the prime factors of 9262.
2, 11, 421
What are the prime factors of 6491?
6491
What are the prime factors of 11188?
2, 2797
What are the prime factors of 27726?
2, 3, 4621
List the prime factors of 7769.
17, 457
List the prime factors of 37775.
5, 1511
List the prime factors of 282.
2, 3, 47
List the prime factors of 2841.
3, 947
List the prime factors of 503.
503
What are the prime factors of 36019?
181, 199
What are the prime factors of 18762?
2, 3, 53, 59
What are the prime factors of 56?
2, 7
List the prime factors of 95339.
95339
What are the prime factors of 920?
2, 5, 23
What are the prime factors of 848?
2, 53
List the prime factors of 10707.
3, 43, 83
What are the prime factors of 10239?
3, 3413
What are the prime factors of 33199?
33199
List the prime factors of 16883.
16883
List the prime factors of 11768.
2, 1471
List the prime factors of 5287.
17, 311
What are the prime factors of 18989?
17, 1117
What are the prime factors of 55213?
55213
What are the prime factors of 3998?
2, 1999
List the prime factors of 15757.
7, 2251
List the prime factors of 924.
2, 3, 7, 11
What are the prime factors of 13320?
2, 3, 5, 37
What are the prime factors of 3923?
3923
List the prime factors of 742.
2, 7, 53
List the prime factors of 996.
2, 3, 83
What are the prime factors of 830?
2, 5, 83
List the prime factors of 629.
17, 37
What are the prime factors of 50169?
3, 7, 2389
What are the prime factors of 43919?
37, 1187
What are the prime factors of 966?
2, 3, 7, 23
List the prime factors of 10816.
2, 13
What are the prime factors of 685?
5, 137
What are the prime factors of 1162?
2, 7, 83
List the prime factors of 803.
11, 73
What are the prime factors of 6591?
3, 13
What are the prime factors of 57761?
11, 59, 89
What are the prime factors of 365?
5, 73
List the prime factors of 31759.
7, 13, 349
What are the prime factors of 3810?
2, 3, 5, 127
What are the prime factors of 82?
2, 41
List the prime factors of 3802.
2, 1901
What are the prime factors of 270?
2, 3, 5
List the prime factors of 312.
2, 3, 13
What are the prime factors of 7434?
2, 3, 7, 59
List the prime factors of 2449.
31, 79
List the prime factors of 789.
3, 263
List the prime factors of 493.
17, 29
List the prime factors of 16717.
73, 229
List the prime factors of 1075.
5, 43
What are the prime factors of 819?
3, 7, 13
List the prime factors of 506.
2, 11, 23
List the prime factors of 12707.
97, 131
List the prime factors of 1018.
2, 509
What are the prime factors of 13230?
2, 3, 5, 7
List the prime factors of 22314.
2, 3, 3719
What are the prime factors of 14591?
14591
List the prime factors of 2344.
2, 293
List the prime factors of 2178.
2, 3, 11
List the prime factors of 4477.
11, 37
What are the prime factors of 20539?
19, 23, 47
What are the